er when 1369 is divided by 29?
6
What is the remainder when 954 is divided by 137?
132
What is the remainder when 1287 is divided by 107?
3
What is the remainder when 90 is divided by 16?
10
What is the remainder when 96 is divided by 34?
28
What is the remainder when 125 is divided by 37?
14
What is the remainder when 88 is divided by 28?
4
Calculate the remainder when 194 is divided by 14.
12
What is the remainder when 3246 is divided by 112?
110
Calculate the remainder when 107 is divided by 98.
9
What is the remainder when 2770 is divided by 547?
35
Calculate the remainder when 4417 is divided by 26.
23
Calculate the remainder when 7715 is divided by 35.
15
What is the remainder when 651 is divided by 139?
95
What is the remainder when 67 is divided by 14?
11
What is the remainder when 111 is divided by 23?
19
What is the remainder when 1702 is divided by 53?
6
Calculate the remainder when 7126 is divided by 27.
25
What is the remainder when 409 is divided by 102?
1
Calculate the remainder when 7653 is divided by 207.
201
Calculate the remainder when 1554 is divided by 377.
46
What is the remainder when 694 is divided by 339?
16
What is the remainder when 386 is divided by 203?
183
Calculate the remainder when 65 is divided by 35.
30
Calculate the remainder when 263 is divided by 66.
65
What is the remainder when 196 is divided by 33?
31
What is the remainder when 948 is divided by 10?
8
What is the remainder when 245 is divided by 82?
81
Calculate the remainder when 448 is divided by 33.
19
Calculate the remainder when 1892 is divided by 33.
11
What is the remainder when 110 is divided by 56?
54
What is the remainder when 43 is divided by 16?
11
What is the remainder when 118 is divided by 34?
16
Calculate the remainder when 2466 is divided by 27.
9
What is the remainder when 802 is divided by 31?
27
Calculate the remainder when 87 is divided by 10.
7
What is the remainder when 1745 is divided by 432?
17
What is the remainder when 37 is divided by 21?
16
Calculate the remainder when 72 is divided by 29.
14
What is the remainder when 2595 is divided by 173?
0
What is the remainder when 152 is divided by 18?
8
What is the remainder when 77 is divided by 28?
21
Calculate the remainder when 472 is divided by 28.
24
What is the remainder when 5432 is divided by 247?
245
Calculate the remainder when 497 is divided by 136.
89
Calculate the remainder when 790 is divided by 7.
6
Calculate the remainder when 48 is divided by 19.
10
What is the remainder when 1159 is divided by 73?
64
What is the remainder when 1253 is divided by 318?
299
Calculate the remainder when 79 is divided by 67.
12
Calculate the remainder when 1244 is divided by 205.
14
What is the remainder when 221 is divided by 115?
106
What is the remainder when 157 is divided by 8?
5
What is the remainder when 199 is divided by 26?
17
Calculate the remainder when 1688 is divided by 200.
88
What is the remainder when 5112 is divided by 566?
18
What is the remainder when 423 is divided by 33?
27
What is the remainder when 1245 is divided by 13?
10
Calculate the remainder when 2879 is divided by 80.
79
What is the remainder when 4 is divided by 4?
0
Calculate the remainder when 354 is divided by 40.
34
What is the remainder when 215 is divided by 31?
29
Calculate the remainder when 38 is divided by 13.
12
Calculate the remainder when 774 is divided by 79.
63
Calculate the remainder when 32 is divided by 11.
10
Calculate the remainder when 384 is divided by 117.
33
Calculate the remainder when 495 is divided by 169.
157
What is the remainder when 1507 is divided by 502?
1
What is the remainder when 374 is divided by 95?
89
Calculate the remainder when 5460 is divided by 496.
4
What is the remainder when 662 is divided by 10?
2
Calculate the remainder when 1008 is divided by 126.
0
What is the remainder when 346 is divided by 18?
4
Calculate the remainder when 1034 is divided by 30.
14
Calculate the remainder when 35 is divided by 8.
3
Calculate the remainder when 32 is divided by 11.
10
What is the remainder when 7442 is divided by 240?
2
Calculate the remainder when 138 is divided by 35.
33
Calculate the remainder when 737 is divided by 35.
2
Calculate the remainder when 3231 is divided by 40.
31
Calculate the remainder when 611 is divided by 316.
295
Calculate the remainder when 56 is divided by 2.
0
Calculate the remainder when 491 is divided by 15.
11
What is the remainder when 1402 is divided by 64?
58
What is the remainder when 1317 is divided by 44?
41
Calculate the remainder when 61 is divided by 57.
4
Calculate the remainder when 1497 is divided by 6.
3
What is the remainder when 4835 is divided by 7?
5
What is the remainder when 81 is divided by 29?
23
Calculate the remainder when 193 is divided by 33.
28
What is the remainder when 2657 is divided by 11?
6
What is the remainder when 347 is divided by 25?
22
What is the remainder when 697 is divided by 14?
11
What is the remainder when 1271 is divided by 37?
13
What is the remainder when 202 is divided by 57?
31
What is the remainder when 66054 is divided by 23?
21
What is the remainder when 286 is divided by 58?
54
What is the remainder when 146 is divided by 38?
32
What is the remainder when 760 is divided by 46?
24
What is the remainder when 2543 is divided by 159?
158
What is the remainder when 4004 is divided by 399?
14
What is the remainder when 514 is divided by 75?
64
Calculate the remainder when 7898 is divided by 10.
8
Calculate the remainder when 467 is divided by 96.
83
What is the remainder when 1466 is divided by 14?
10
Calculate the remainder when 177 is divided by 15.
12
Calculate the remainder when 964 is divided by 21.
19
Calculate the remainder when 5564 is divided by 24.
20
What is the remainder when 17357 is divided by 263?
262
What is the remainder when 977 is divided by 10?
7
Calculate the remainder when 436 is divided by 23.
22
What is the remainder when 1690 is divided by 558?
16
Calculate the remainder when 10 is divided by 2.
0
What is the remainder when 40 is divided by 28?
12
Calculate the remainder when 790 is divided by 153.
25
What is the remainder when 487 is divided by 43?
14
Calculate the remainder when 648 is divided by 15.
3
Calculate the remainder when 9543 is divided by 111.
108
What is the remainder when 2999 is divided by 79?
76
What is the remainder when 107545 is divided by 11?
9
What is the remainder when 8056 is divided by 79?
77
Calculate the remainder when 169 is divided by 159.
10
Calculate the remainder when 2988 is divided by 26.
24
What is the remainder when 40 is divided by 38?
2
What is the remainder when 34 is divided by 15?
4
Calculate the remainder when 495 is divided by 119.
19
Calculate the remainder when 333 is divided by 6.
3
What is the remainder when 569 is divided by 14?
9
What is the remainder when 69 is divided by 7?
6
Calculate the remainder when 727 is divided by 17.
13
Calculate the remainder when 877 is divided by 120.
37
Calculate the remainder when 295 is divided by 27.
25
Calculate the remainder when 182 is divided by 31.
27
Calculate the remainder when 722 is divided by 91.
85
Calculate the remainder when 1230 is divided by 77.
75
Calculate the remainder when 4267 is divided by 35.
32
Calculate the remainder when 1445 is divided by 182.
171
Calculate the remainder when 8895 is divided by 89.
84
What is the remainder when 109 is divided by 19?
14
Calculate the remainder when 152 is divided by 32.
24
Calculate the remainder when 218 is divided by 73.
72
Calculate the remainder when 1075 is divided by 23.
17
Calculate the remainder when 794 is divided by 15.
14
Calculate the remainder when 69 is divided by 38.
31
What is the remainder when 141 is divided by 18?
15
What is the remainder when 196 is divided by 110?
86
What is the remainder when 4 is divided by 4?
0
Calculate the remainder when 19 is divided by 10.
9
Calculate the remainder when 245 is divided by 99.
47
Calculate the remainder when 202 is divided by 16.
10
What is the remainder when 401 is divided by 103?
92
What is the remainder when 3947 is divided by 172?
163
What is the remainder when 286 is divided by 24?
22
Calculate the remainder when 206 is divided by 33.
8
What is the remainder when 3